greatest common factor of 92 and 322?
46
Calculate the greatest common divisor of 24 and 9.
3
Calculate the highest common factor of 81 and 675.
27
Calculate the greatest common factor of 22 and 4334.
22
Calculate the highest common factor of 25 and 131.
1
What is the highest common divisor of 66 and 13563?
33
Calculate the greatest common divisor of 4 and 172.
4
What is the greatest common factor of 342 and 666?
18
What is the highest common divisor of 4 and 52?
4
Calculate the greatest common divisor of 48 and 112.
16
Calculate the greatest common divisor of 88 and 27786.
22
What is the highest common factor of 792 and 616?
88
Calculate the greatest common factor of 3424 and 128.
32
What is the highest common divisor of 171 and 81?
9
Calculate the highest common factor of 850 and 1350.
50
What is the greatest common factor of 8532 and 432?
108
What is the greatest common factor of 63 and 54?
9
Calculate the greatest common factor of 245 and 49.
49
What is the greatest common factor of 37625 and 7?
7
What is the greatest common factor of 3 and 237?
3
What is the highest common divisor of 8 and 80?
8
What is the greatest common divisor of 33 and 11583?
33
What is the highest common divisor of 427 and 61?
61
What is the greatest common divisor of 11 and 37708?
11
What is the greatest common factor of 224 and 5792?
32
What is the greatest common divisor of 11 and 2816?
11
Calculate the greatest common divisor of 10 and 260.
10
What is the greatest common factor of 153 and 297?
9
What is the greatest common factor of 13 and 91?
13
Calculate the greatest common factor of 86 and 4.
2
Calculate the highest common factor of 328 and 697.
41
Calculate the greatest common divisor of 783 and 432.
27
Calculate the highest common factor of 3562 and 26.
26
What is the greatest common factor of 14 and 448?
14
Calculate the greatest common divisor of 44 and 22.
22
What is the highest common divisor of 1280 and 1040?
80
Calculate the greatest common divisor of 686 and 42.
14
What is the greatest common factor of 371 and 3233?
53
Calculate the greatest common divisor of 95 and 4541.
19
Calculate the greatest common divisor of 3 and 20550.
3
What is the greatest common divisor of 64 and 5536?
32
What is the greatest common divisor of 192 and 4800?
192
Calculate the highest common factor of 2490 and 60.
30
What is the greatest common factor of 50448 and 48?
48
What is the highest common factor of 37 and 333?
37
Calculate the greatest common factor of 1058 and 2.
2
Calculate the highest common factor of 75 and 411.
3
What is the highest common divisor of 91 and 511?
7
What is the highest common factor of 61181 and 317?
317
What is the highest common factor of 8532 and 6?
6
What is the highest common divisor of 45 and 4455?
45
Calculate the greatest common divisor of 245 and 1050.
35
What is the highest common factor of 280 and 70?
70
Calculate the greatest common factor of 4448 and 48.
16
Calculate the greatest common factor of 4590 and 36.
18
Calculate the highest common factor of 2988 and 144.
36
What is the greatest common divisor of 84 and 9?
3
Calculate the greatest common divisor of 30 and 555.
15
Calculate the greatest common divisor of 61572 and 24.
12
Calculate the highest common factor of 44 and 69982.
22
Calculate the greatest common factor of 288 and 504.
72
Calculate the greatest common factor of 2624 and 41.
41
What is the highest common factor of 650 and 10?
10
What is the highest common factor of 25 and 8425?
25
Calculate the highest common factor of 4744 and 8.
8
What is the highest common divisor of 2 and 2980?
2
Calculate the greatest common divisor of 5627 and 17.
17
What is the greatest common factor of 1328 and 32?
16
What is the highest common divisor of 24 and 2352?
24
Calculate the greatest common factor of 126 and 9534.
42
Calculate the highest common divisor of 2680 and 6164.
268
What is the highest common divisor of 114 and 822?
6
What is the greatest common divisor of 9 and 12?
3
What is the greatest common factor of 144 and 468?
36
Calculate the greatest common divisor of 120 and 160.
40
What is the greatest common divisor of 57 and 855?
57
What is the greatest common divisor of 1073 and 37?
37
What is the greatest common divisor of 72 and 17208?
72
Calculate the greatest common factor of 658 and 1786.
94
Calculate the highest common factor of 220 and 1595.
55
Calculate the greatest common factor of 8904 and 48.
24
What is the highest common divisor of 770 and 9086?
154
Calculate the greatest common divisor of 29 and 1537.
29
Calculate the highest common factor of 2816 and 264.
88
Calculate the greatest common divisor of 12 and 21678.
6
What is the greatest common factor of 6 and 1860?
6
What is the highest common divisor of 84 and 25557?
21
What is the highest common factor of 493 and 85?
17
What is the highest common factor of 2 and 17?
1
Calculate the highest common factor of 81 and 288.
9
Calculate the greatest common factor of 164 and 41.
41
What is the greatest common factor of 216 and 3510?
54
What is the highest common factor of 3 and 453?
3
What is the highest common factor of 10 and 55?
5
What is the greatest common factor of 35 and 8225?
35
Calculate the highest common divisor of 336 and 21.
21
Calculate the highest common divisor of 16 and 304.
16
Calculate the highest common factor of 19 and 35549.
19
Calculate the greatest common divisor of 1620 and 480.
60
Calculate the greatest common divisor of 115 and 35.
5
What is the greatest common divisor of 264 and 96?
24
Calculate the greatest common divisor of 70 and 30.
10
What is the greatest common factor of 12 and 12?
12
Calculate the greatest common factor of 201 and 11.
1
What is the greatest common factor of 500 and 160?
20
Calculate the greatest common factor of 98 and 931.
49
Calculate the highest common divisor of 885 and 165.
15
Calculate the highest common factor of 18 and 666.
18
Calculate the greatest common divisor of 357 and 525.
21
Calculate the greatest common factor of 245 and 70.
35
What is the highest common divisor of 117 and 65?
13
What is the highest common factor of 315 and 693?
63
Calculate the highest common divisor of 5910 and 270.
30
What is the highest common factor of 756 and 1113?
21
What is the highest common divisor of 396 and 1276?
44
What is the greatest common factor of 284 and 148?
4
What is the greatest common divisor of 145 and 580?
145
What is the highest common factor of 10 and 10190?
10
What is the greatest common divisor of 1078 and 7?
7
Calculate the highest common divisor of 162 and 432.
54
Calculate the greatest common factor of 75 and 30.
15
What is the greatest common factor of 480 and 15?
15
What is the highest common factor of 8 and 1112?
8
What is the greatest common divisor of 598 and 52?
26
Calculate the highest common factor of 28 and 7.
7
What is the highest common divisor of 72 and 144?
72
What is the highest common factor of 48 and 1068?
12
Calculate the highest common divisor of 156 and 1032.
12
Calculate the greatest common divisor of 2108 and 136.
68
What is the highest common factor of 9805 and 106?
53
What is the highest common factor of 169 and 1937?
13
Calculate the highest common divisor of 187 and 1793.
11
What is the highest common divisor of 854 and 14?
14
Calculate the greatest common divisor of 1296 and 1332.
36
Calculate the greatest common divisor of 1398 and 42.
6
What is the greatest common factor of 117 and 416?
13
What is the highest common divisor of 228 and 5244?
228
Calculate the highest common divisor of 296 and 37.
37
Calculate the highest common factor of 112 and 63.
7
What is the highest common divisor of 33 and 2937?
33
What is the highest common divisor of 696 and 72?
24
Calculate the highest common divisor of 77 and 55.
11
Calculate the greatest common divisor of 2140 and 20.
20
What is the greatest common factor of 9 and 1?
1
What is the highest common divisor of 459 and 255?
51
What is the highest common factor of 67796 and 68?
68
Calculate the highest common factor of 100 and 24275.
25
What is the highest common divisor of 5 and 1445?
5
Calculate the highest common divisor of 697 and 246.
41
Calculate the highest common divisor of 90 and 135.
45
Calculate the greatest common factor o